{"id":190,"date":"2021-01-21T07:14:25","date_gmt":"2021-01-21T10:14:25","guid":{"rendered":"http:\/\/masterwin.com.br\/?page_id=190"},"modified":"2021-01-21T08:07:36","modified_gmt":"2021-01-21T11:07:36","slug":"contato-e-localizacao","status":"publish","type":"page","link":"https:\/\/masterwin.com.br\/index.php\/contato-e-localizacao\/","title":{"rendered":"Contato e Localiza\u00e7\u00e3o"},"content":{"rendered":"\t\t<div data-elementor-type=\"wp-page\" data-elementor-id=\"190\" class=\"elementor elementor-190\" data-elementor-settings=\"[]\">\n\t\t\t\t\t\t<div class=\"elementor-inner\">\n\t\t\t\t\t\t\t<div class=\"elementor-section-wrap\">\n\t\t\t\t\t\t\t<section class=\"elementor-section elementor-top-section elementor-element elementor-element-46c8f48 elementor-section-stretched elementor-section-boxed elementor-section-height-default elementor-section-height-default\" data-id=\"46c8f48\" data-element_type=\"section\" data-settings=\"{&quot;stretch_section&quot;:&quot;section-stretched&quot;}\">\n\t\t\t\t\t\t<div class=\"elementor-container elementor-column-gap-default\">\n\t\t\t\t\t\t\t<div class=\"elementor-row\">\n\t\t\t\t\t<div class=\"elementor-column elementor-col-100 elementor-top-column elementor-element elementor-element-c16fe66\" data-id=\"c16fe66\" data-element_type=\"column\">\n\t\t\t<div class=\"elementor-column-wrap elementor-element-populated\">\n\t\t\t\t\t\t\t<div class=\"elementor-widget-wrap\">\n\t\t\t\t\t\t<section class=\"elementor-section elementor-inner-section elementor-element elementor-element-3fc29b4 elementor-section-full_width elementor-section-height-default elementor-section-height-default\" data-id=\"3fc29b4\" data-element_type=\"section\" data-settings=\"{&quot;background_background&quot;:&quot;classic&quot;}\">\n\t\t\t\t\t\t<div class=\"elementor-container elementor-column-gap-no\">\n\t\t\t\t\t\t\t<div class=\"elementor-row\">\n\t\t\t\t\t<div class=\"elementor-column elementor-col-50 elementor-inner-column elementor-element elementor-element-e4c2ba7\" data-id=\"e4c2ba7\" data-element_type=\"column\">\n\t\t\t<div class=\"elementor-column-wrap elementor-element-populated\">\n\t\t\t\t\t\t\t<div class=\"elementor-widget-wrap\">\n\t\t\t\t\t\t<div class=\"elementor-element elementor-element-733659c elementor-widget elementor-widget-heading\" data-id=\"733659c\" data-element_type=\"widget\" data-widget_type=\"heading.default\">\n\t\t\t\t<div class=\"elementor-widget-container\">\n\t\t\t<h2 class=\"elementor-heading-title elementor-size-default\">Contato e Localiza\u00e7\u00e3o<\/h2>\t\t<\/div>\n\t\t\t\t<\/div>\n\t\t\t\t\t\t<\/div>\n\t\t\t\t\t<\/div>\n\t\t<\/div>\n\t\t\t\t<div class=\"elementor-column elementor-col-50 elementor-inner-column elementor-element elementor-element-675f793\" data-id=\"675f793\" data-element_type=\"column\">\n\t\t\t<div class=\"elementor-column-wrap\">\n\t\t\t\t\t\t\t<div class=\"elementor-widget-wrap\">\n\t\t\t\t\t\t\t\t<\/div>\n\t\t\t\t\t<\/div>\n\t\t<\/div>\n\t\t\t\t\t\t\t\t<\/div>\n\t\t\t\t\t<\/div>\n\t\t<\/section>\n\t\t\t\t\t\t<\/div>\n\t\t\t\t\t<\/div>\n\t\t<\/div>\n\t\t\t\t\t\t\t\t<\/div>\n\t\t\t\t\t<\/div>\n\t\t<\/section>\n\t\t\t\t<section class=\"elementor-section elementor-top-section elementor-element elementor-element-6d4e2ce elementor-section-full_width elementor-section-stretched elementor-section-height-default elementor-section-height-default\" data-id=\"6d4e2ce\" data-element_type=\"section\" data-settings=\"{&quot;stretch_section&quot;:&quot;section-stretched&quot;,&quot;background_background&quot;:&quot;classic&quot;}\">\n\t\t\t\t\t\t<div class=\"elementor-container elementor-column-gap-no\">\n\t\t\t\t\t\t\t<div class=\"elementor-row\">\n\t\t\t\t\t<div class=\"elementor-column elementor-col-100 elementor-top-column elementor-element elementor-element-ea2e5ed\" data-id=\"ea2e5ed\" data-element_type=\"column\">\n\t\t\t<div class=\"elementor-column-wrap elementor-element-populated\">\n\t\t\t\t\t\t\t<div class=\"elementor-widget-wrap\">\n\t\t\t\t\t\t<section class=\"elementor-section elementor-inner-section elementor-element elementor-element-7fec3a1 elementor-section-boxed elementor-section-height-default elementor-section-height-default\" data-id=\"7fec3a1\" data-element_type=\"section\">\n\t\t\t\t\t\t<div class=\"elementor-container elementor-column-gap-default\">\n\t\t\t\t\t\t\t<div class=\"elementor-row\">\n\t\t\t\t\t<div class=\"elementor-column elementor-col-50 elementor-inner-column elementor-element elementor-element-994bdc8\" data-id=\"994bdc8\" data-element_type=\"column\">\n\t\t\t<div class=\"elementor-column-wrap elementor-element-populated\">\n\t\t\t\t\t\t\t<div class=\"elementor-widget-wrap\">\n\t\t\t\t\t\t<div class=\"elementor-element elementor-element-50e6fab elementor-widget elementor-widget-google_maps\" data-id=\"50e6fab\" data-element_type=\"widget\" data-widget_type=\"google_maps.default\">\n\t\t\t\t<div class=\"elementor-widget-container\">\n\t\t\t\t\t<div class=\"elementor-custom-embed\">\n\t\t\t<iframe frameborder=\"0\" scrolling=\"no\" marginheight=\"0\" marginwidth=\"0\"\n\t\t\t\t\tsrc=\"https:\/\/maps.google.com\/maps?q=Rua%20Cajueiro%2017%20Parque%20Continental%20II%20Guarulhos&#038;t=m&#038;z=15&#038;output=embed&#038;iwloc=near\"\n\t\t\t\t\ttitle=\"Rua Cajueiro 17 Parque Continental II Guarulhos\"\n\t\t\t\t\taria-label=\"Rua Cajueiro 17 Parque Continental II Guarulhos\"\n\t\t\t><\/iframe>\n\t\t<\/div>\n\t\t\t\t<\/div>\n\t\t\t\t<\/div>\n\t\t\t\t\t\t<\/div>\n\t\t\t\t\t<\/div>\n\t\t<\/div>\n\t\t\t\t<div class=\"elementor-column elementor-col-50 elementor-inner-column elementor-element elementor-element-373344a\" data-id=\"373344a\" data-element_type=\"column\">\n\t\t\t<div class=\"elementor-column-wrap elementor-element-populated\">\n\t\t\t\t\t\t\t<div class=\"elementor-widget-wrap\">\n\t\t\t\t\t\t<div class=\"elementor-element elementor-element-d4dac51 elementor-widget elementor-widget-heading\" data-id=\"d4dac51\" data-element_type=\"widget\" data-widget_type=\"heading.default\">\n\t\t\t\t<div class=\"elementor-widget-container\">\n\t\t\t<h4 class=\"elementor-heading-title elementor-size-default\">Contato :<\/h4>\t\t<\/div>\n\t\t\t\t<\/div>\n\t\t\t\t<div class=\"elementor-element elementor-element-825393b elementor-widget elementor-widget-text-editor\" data-id=\"825393b\" data-element_type=\"widget\" data-widget_type=\"text-editor.default\">\n\t\t\t\t<div class=\"elementor-widget-container\">\n\t\t\t\t\t\t\t\t<div class=\"elementor-text-editor elementor-clearfix\">\n\t\t\t\t<p>Rua Cajueiro n\u00ba17<br \/>Parque Continental II<br \/>Guarulhos\/SP<\/p><p><br \/>(11) 2456-7684<\/p><p><br \/><a href=\"mailto:masterwin@masterwin.com.br\">masterwin@masterwin.com.br<\/a><\/p>\t\t\t\t\t<\/div>\n\t\t\t\t\t\t<\/div>\n\t\t\t\t<\/div>\n\t\t\t\t\t\t<\/div>\n\t\t\t\t\t<\/div>\n\t\t<\/div>\n\t\t\t\t\t\t\t\t<\/div>\n\t\t\t\t\t<\/div>\n\t\t<\/section>\n\t\t\t\t\t\t<\/div>\n\t\t\t\t\t<\/div>\n\t\t<\/div>\n\t\t\t\t\t\t\t\t<\/div>\n\t\t\t\t\t<\/div>\n\t\t<\/section>\n\t\t\t\t\t\t<\/div>\n\t\t\t\t\t\t<\/div>\n\t\t\t\t\t<\/div>\n\t\t","protected":false},"excerpt":{"rendered":"<p>Contato e Localiza\u00e7\u00e3o Contato : Rua Cajueiro n\u00ba17Parque Continental IIGuarulhos\/SP (11) 2456-7684 masterwin@masterwin.com.br<\/p>\n","protected":false},"author":1,"featured_media":0,"parent":0,"menu_order":0,"comment_status":"closed","ping_status":"closed","template":"elementor_header_footer","meta":[],"yoast_head":"<!-- This site is optimized with the Yoast SEO plugin v17.6 - https:\/\/yoast.com\/wordpress\/plugins\/seo\/ -->\n<title>Contato e Localiza\u00e7\u00e3o - Master Win<\/title>\n<meta name=\"robots\" content=\"index, follow, max-snippet:-1, max-image-preview:large, max-video-preview:-1\" \/>\n<link rel=\"canonical\" href=\"http:\/\/masterwin.com.br\/index.php\/contato-e-localizacao\/\" \/>\n<meta property=\"og:locale\" content=\"en_US\" \/>\n<meta property=\"og:type\" content=\"article\" \/>\n<meta property=\"og:title\" content=\"Contato e Localiza\u00e7\u00e3o - Master Win\" \/>\n<meta property=\"og:description\" content=\"Contato e Localiza\u00e7\u00e3o Contato : Rua Cajueiro n\u00ba17Parque Continental IIGuarulhos\/SP (11) 2456-7684 masterwin@masterwin.com.br\" \/>\n<meta property=\"og:url\" content=\"http:\/\/masterwin.com.br\/index.php\/contato-e-localizacao\/\" \/>\n<meta property=\"og:site_name\" content=\"Master Win\" \/>\n<meta property=\"article:modified_time\" content=\"2021-01-21T11:07:36+00:00\" \/>\n<meta name=\"twitter:card\" content=\"summary_large_image\" \/>\n<meta name=\"twitter:label1\" content=\"Est. reading time\" \/>\n\t<meta name=\"twitter:data1\" content=\"1 minute\" \/>\n<script type=\"application\/ld+json\" class=\"yoast-schema-graph\">{\"@context\":\"https:\/\/schema.org\",\"@graph\":[{\"@type\":\"WebSite\",\"@id\":\"http:\/\/masterwin.com.br\/#website\",\"url\":\"http:\/\/masterwin.com.br\/\",\"name\":\"Master Win\",\"description\":\"\",\"potentialAction\":[{\"@type\":\"SearchAction\",\"target\":{\"@type\":\"EntryPoint\",\"urlTemplate\":\"http:\/\/masterwin.com.br\/?s={search_term_string}\"},\"query-input\":\"required name=search_term_string\"}],\"inLanguage\":\"en-US\"},{\"@type\":\"WebPage\",\"@id\":\"http:\/\/masterwin.com.br\/index.php\/contato-e-localizacao\/#webpage\",\"url\":\"http:\/\/masterwin.com.br\/index.php\/contato-e-localizacao\/\",\"name\":\"Contato e Localiza\\u00e7\\u00e3o - Master Win\",\"isPartOf\":{\"@id\":\"http:\/\/masterwin.com.br\/#website\"},\"datePublished\":\"2021-01-21T10:14:25+00:00\",\"dateModified\":\"2021-01-21T11:07:36+00:00\",\"breadcrumb\":{\"@id\":\"http:\/\/masterwin.com.br\/index.php\/contato-e-localizacao\/#breadcrumb\"},\"inLanguage\":\"en-US\",\"potentialAction\":[{\"@type\":\"ReadAction\",\"target\":[\"http:\/\/masterwin.com.br\/index.php\/contato-e-localizacao\/\"]}]},{\"@type\":\"BreadcrumbList\",\"@id\":\"http:\/\/masterwin.com.br\/index.php\/contato-e-localizacao\/#breadcrumb\",\"itemListElement\":[{\"@type\":\"ListItem\",\"position\":1,\"name\":\"In\\u00edcio\",\"item\":\"https:\/\/masterwin.com.br\/\"},{\"@type\":\"ListItem\",\"position\":2,\"name\":\"Contato e Localiza\\u00e7\\u00e3o\"}]}]}<\/script>\n<!-- \/ Yoast SEO plugin. -->","yoast_head_json":{"title":"Contato e Localiza\u00e7\u00e3o - Master Win","robots":{"index":"index","follow":"follow","max-snippet":"max-snippet:-1","max-image-preview":"max-image-preview:large","max-video-preview":"max-video-preview:-1"},"canonical":"http:\/\/masterwin.com.br\/index.php\/contato-e-localizacao\/","og_locale":"en_US","og_type":"article","og_title":"Contato e Localiza\u00e7\u00e3o - Master Win","og_description":"Contato e Localiza\u00e7\u00e3o Contato : Rua Cajueiro n\u00ba17Parque Continental IIGuarulhos\/SP (11) 2456-7684 masterwin@masterwin.com.br","og_url":"http:\/\/masterwin.com.br\/index.php\/contato-e-localizacao\/","og_site_name":"Master Win","article_modified_time":"2021-01-21T11:07:36+00:00","twitter_card":"summary_large_image","twitter_misc":{"Est. reading time":"1 minute"},"schema":{"@context":"https:\/\/schema.org","@graph":[{"@type":"WebSite","@id":"http:\/\/masterwin.com.br\/#website","url":"http:\/\/masterwin.com.br\/","name":"Master Win","description":"","potentialAction":[{"@type":"SearchAction","target":{"@type":"EntryPoint","urlTemplate":"http:\/\/masterwin.com.br\/?s={search_term_string}"},"query-input":"required name=search_term_string"}],"inLanguage":"en-US"},{"@type":"WebPage","@id":"http:\/\/masterwin.com.br\/index.php\/contato-e-localizacao\/#webpage","url":"http:\/\/masterwin.com.br\/index.php\/contato-e-localizacao\/","name":"Contato e Localiza\u00e7\u00e3o - Master Win","isPartOf":{"@id":"http:\/\/masterwin.com.br\/#website"},"datePublished":"2021-01-21T10:14:25+00:00","dateModified":"2021-01-21T11:07:36+00:00","breadcrumb":{"@id":"http:\/\/masterwin.com.br\/index.php\/contato-e-localizacao\/#breadcrumb"},"inLanguage":"en-US","potentialAction":[{"@type":"ReadAction","target":["http:\/\/masterwin.com.br\/index.php\/contato-e-localizacao\/"]}]},{"@type":"BreadcrumbList","@id":"http:\/\/masterwin.com.br\/index.php\/contato-e-localizacao\/#breadcrumb","itemListElement":[{"@type":"ListItem","position":1,"name":"In\u00edcio","item":"https:\/\/masterwin.com.br\/"},{"@type":"ListItem","position":2,"name":"Contato e Localiza\u00e7\u00e3o"}]}]}},"_links":{"self":[{"href":"https:\/\/masterwin.com.br\/index.php\/wp-json\/wp\/v2\/pages\/190"}],"collection":[{"href":"https:\/\/masterwin.com.br\/index.php\/wp-json\/wp\/v2\/pages"}],"about":[{"href":"https:\/\/masterwin.com.br\/index.php\/wp-json\/wp\/v2\/types\/page"}],"author":[{"embeddable":true,"href":"https:\/\/masterwin.com.br\/index.php\/wp-json\/wp\/v2\/users\/1"}],"replies":[{"embeddable":true,"href":"https:\/\/masterwin.com.br\/index.php\/wp-json\/wp\/v2\/comments?post=190"}],"version-history":[{"count":7,"href":"https:\/\/masterwin.com.br\/index.php\/wp-json\/wp\/v2\/pages\/190\/revisions"}],"predecessor-version":[{"id":247,"href":"https:\/\/masterwin.com.br\/index.php\/wp-json\/wp\/v2\/pages\/190\/revisions\/247"}],"wp:attachment":[{"href":"https:\/\/masterwin.com.br\/index.php\/wp-json\/wp\/v2\/media?parent=190"}],"curies":[{"name":"wp","href":"https:\/\/api.w.org\/{rel}","templated":true}]}}