{"id":171,"date":"2021-01-21T06:57:28","date_gmt":"2021-01-21T09:57:28","guid":{"rendered":"http:\/\/masterwin.com.br\/?page_id=171"},"modified":"2021-01-21T08:24:58","modified_gmt":"2021-01-21T11:24:58","slug":"empresa","status":"publish","type":"page","link":"https:\/\/masterwin.com.br\/index.php\/empresa\/","title":{"rendered":"Empresa"},"content":{"rendered":"\t\t<div data-elementor-type=\"wp-page\" data-elementor-id=\"171\" class=\"elementor elementor-171\" data-elementor-settings=\"[]\">\n\t\t\t\t\t\t<div class=\"elementor-inner\">\n\t\t\t\t\t\t\t<div class=\"elementor-section-wrap\">\n\t\t\t\t\t\t\t<section class=\"elementor-section elementor-top-section elementor-element elementor-element-47c88a6 elementor-section-stretched elementor-section-boxed elementor-section-height-default elementor-section-height-default\" data-id=\"47c88a6\" data-element_type=\"section\" data-settings=\"{&quot;stretch_section&quot;:&quot;section-stretched&quot;}\">\n\t\t\t\t\t\t<div class=\"elementor-container elementor-column-gap-default\">\n\t\t\t\t\t\t\t<div class=\"elementor-row\">\n\t\t\t\t\t<div class=\"elementor-column elementor-col-100 elementor-top-column elementor-element elementor-element-773df76\" data-id=\"773df76\" data-element_type=\"column\">\n\t\t\t<div class=\"elementor-column-wrap elementor-element-populated\">\n\t\t\t\t\t\t\t<div class=\"elementor-widget-wrap\">\n\t\t\t\t\t\t<section class=\"elementor-section elementor-inner-section elementor-element elementor-element-fca8cae elementor-section-full_width elementor-section-height-default elementor-section-height-default\" data-id=\"fca8cae\" data-element_type=\"section\" data-settings=\"{&quot;background_background&quot;:&quot;classic&quot;}\">\n\t\t\t\t\t\t<div class=\"elementor-container elementor-column-gap-no\">\n\t\t\t\t\t\t\t<div class=\"elementor-row\">\n\t\t\t\t\t<div class=\"elementor-column elementor-col-50 elementor-inner-column elementor-element elementor-element-ce214f2\" data-id=\"ce214f2\" data-element_type=\"column\">\n\t\t\t<div class=\"elementor-column-wrap elementor-element-populated\">\n\t\t\t\t\t\t\t<div class=\"elementor-widget-wrap\">\n\t\t\t\t\t\t<div class=\"elementor-element elementor-element-3ac5378 elementor-widget elementor-widget-heading\" data-id=\"3ac5378\" data-element_type=\"widget\" data-widget_type=\"heading.default\">\n\t\t\t\t<div class=\"elementor-widget-container\">\n\t\t\t<h2 class=\"elementor-heading-title elementor-size-default\">Empresa<\/h2>\t\t<\/div>\n\t\t\t\t<\/div>\n\t\t\t\t\t\t<\/div>\n\t\t\t\t\t<\/div>\n\t\t<\/div>\n\t\t\t\t<div class=\"elementor-column elementor-col-50 elementor-inner-column elementor-element elementor-element-ddac929\" data-id=\"ddac929\" data-element_type=\"column\">\n\t\t\t<div class=\"elementor-column-wrap\">\n\t\t\t\t\t\t\t<div class=\"elementor-widget-wrap\">\n\t\t\t\t\t\t\t\t<\/div>\n\t\t\t\t\t<\/div>\n\t\t<\/div>\n\t\t\t\t\t\t\t\t<\/div>\n\t\t\t\t\t<\/div>\n\t\t<\/section>\n\t\t\t\t\t\t<\/div>\n\t\t\t\t\t<\/div>\n\t\t<\/div>\n\t\t\t\t\t\t\t\t<\/div>\n\t\t\t\t\t<\/div>\n\t\t<\/section>\n\t\t\t\t<section class=\"elementor-section elementor-top-section elementor-element elementor-element-99d8e08 elementor-section-full_width elementor-section-stretched elementor-section-height-default elementor-section-height-default\" data-id=\"99d8e08\" data-element_type=\"section\" data-settings=\"{&quot;stretch_section&quot;:&quot;section-stretched&quot;,&quot;background_background&quot;:&quot;classic&quot;}\">\n\t\t\t\t\t\t<div class=\"elementor-container elementor-column-gap-no\">\n\t\t\t\t\t\t\t<div class=\"elementor-row\">\n\t\t\t\t\t<div class=\"elementor-column elementor-col-100 elementor-top-column elementor-element elementor-element-c38333a\" data-id=\"c38333a\" data-element_type=\"column\">\n\t\t\t<div class=\"elementor-column-wrap elementor-element-populated\">\n\t\t\t\t\t\t\t<div class=\"elementor-widget-wrap\">\n\t\t\t\t\t\t<section class=\"elementor-section elementor-inner-section elementor-element elementor-element-699987e elementor-section-boxed elementor-section-height-default elementor-section-height-default\" data-id=\"699987e\" data-element_type=\"section\">\n\t\t\t\t\t\t<div class=\"elementor-container elementor-column-gap-default\">\n\t\t\t\t\t\t\t<div class=\"elementor-row\">\n\t\t\t\t\t<div class=\"elementor-column elementor-col-50 elementor-inner-column elementor-element elementor-element-96db40b\" data-id=\"96db40b\" data-element_type=\"column\">\n\t\t\t<div class=\"elementor-column-wrap elementor-element-populated\">\n\t\t\t\t\t\t\t<div class=\"elementor-widget-wrap\">\n\t\t\t\t\t\t<div class=\"elementor-element elementor-element-adef2a3 elementor-widget elementor-widget-text-editor\" data-id=\"adef2a3\" data-element_type=\"widget\" data-widget_type=\"text-editor.default\">\n\t\t\t\t<div class=\"elementor-widget-container\">\n\t\t\t\t\t\t\t\t<div class=\"elementor-text-editor elementor-clearfix\">\n\t\t\t\t<div dir=\"auto\">MasterWin \u00e9 uma empresa que opera no mercado de janelas automotivas nas mais vari\u00e1veis aplica\u00e7\u00f5es.<\/div><div dir=\"auto\">\u00a0<\/div><div dir=\"auto\">Atuando h\u00e1 mais de 19 anos, e sempre buscando atender \u00e0s necessidades dos nossos clientes com excel\u00eancia.\u00a0<span style=\"color: var( --e-global-color-text ); font-family: var( --e-global-typography-text-font-family ), Sans-serif; background-color: var( --e-global-color-6d59eba ); font-size: 1rem;\">Fazemos uso de mat\u00e9ria prima de maior qualidade do mercado nacional, buscando sempre qualidade e a satisfa\u00e7\u00e3o dos nossos clientes com o produto final.<\/span><\/div>\t\t\t\t\t<\/div>\n\t\t\t\t\t\t<\/div>\n\t\t\t\t<\/div>\n\t\t\t\t<div class=\"elementor-element elementor-element-dc8f167 elementor-widget elementor-widget-html\" data-id=\"dc8f167\" data-element_type=\"widget\" data-widget_type=\"html.default\">\n\t\t\t\t<div class=\"elementor-widget-container\">\n\t\t\t<blockquote>\n    A masterwin janelas automotivas fabrica e desenvolve e se adapta as evolu\u00e7\u00f5es do mercado para atender os clientes com toda qualidade, e rapidez.\n<\/blockquote>\t\t<\/div>\n\t\t\t\t<\/div>\n\t\t\t\t<div class=\"elementor-element elementor-element-d29c20f elementor-widget elementor-widget-text-editor\" data-id=\"d29c20f\" data-element_type=\"widget\" data-widget_type=\"text-editor.default\">\n\t\t\t\t<div class=\"elementor-widget-container\">\n\t\t\t\t\t\t\t\t<div class=\"elementor-text-editor elementor-clearfix\">\n\t\t\t\t<div dir=\"auto\"><p>A <strong>Master Win<\/strong> atua no ramo de <strong>desenvolvimento e fabrica\u00e7\u00e3o de janelas automotivas<\/strong>, alguns exemplos de janelas automotivas que entregamos muito e desenvolvemos s\u00e3o: trailers, ba\u00fas, pick-up\u2019s nacionais e importadas, capotas, caminhoes, cabines suplementares, vans, motorhomes e para ve\u00edculos adaptados.<\/p><\/div>\t\t\t\t\t<\/div>\n\t\t\t\t\t\t<\/div>\n\t\t\t\t<\/div>\n\t\t\t\t\t\t<\/div>\n\t\t\t\t\t<\/div>\n\t\t<\/div>\n\t\t\t\t<div class=\"elementor-column elementor-col-50 elementor-inner-column elementor-element elementor-element-2528b9a\" data-id=\"2528b9a\" data-element_type=\"column\">\n\t\t\t<div class=\"elementor-column-wrap elementor-element-populated\">\n\t\t\t\t\t\t\t<div class=\"elementor-widget-wrap\">\n\t\t\t\t\t\t<div class=\"elementor-element elementor-element-1a2edf8 elementor-widget elementor-widget-eael-testimonial\" data-id=\"1a2edf8\" data-element_type=\"widget\" data-widget_type=\"eael-testimonial.default\">\n\t\t\t\t<div class=\"elementor-widget-container\">\n\t\t\t\n\t<div id=\"eael-testimonial-1a2edf8\" class=\"eael-testimonial-item clearfix  default-style\">\n\n\t\t\n\t\t\n\t\t\t\t\t\t\t\t<div class=\"eael-testimonial-content\">\n\t\t\t\t<div class=\"eael-testimonial-text\"><p>Um produto excelente com um acabamento de primeira, mat\u00e9ria prima da melhor qualidade do mercado, e ainda assim conseguimos oferecer ao cliente um pre\u00e7o justo.<\/p>\n<\/div><p class=\"eael-testimonial-user\">Master Win<\/p><p class=\"eael-testimonial-user-company\">Janelas Automotivas<\/p>\t\t\t<\/div>\n\t\t\n\t\t\n\t\t\n\t\t\n\t\t\n\t\t<span class=\"eael-testimonial-quote\"><\/span>\n\t<\/div>\n\n\t\t\t<\/div>\n\t\t\t\t<\/div>\n\t\t\t\t<div class=\"elementor-element elementor-element-21913b4 elementor-widget elementor-widget-heading\" data-id=\"21913b4\" data-element_type=\"widget\" data-widget_type=\"heading.default\">\n\t\t\t\t<div class=\"elementor-widget-container\">\n\t\t\t<h4 class=\"elementor-heading-title elementor-size-default\">Contato :<\/h4>\t\t<\/div>\n\t\t\t\t<\/div>\n\t\t\t\t<div class=\"elementor-element elementor-element-16d1332 elementor-widget elementor-widget-text-editor\" data-id=\"16d1332\" data-element_type=\"widget\" data-widget_type=\"text-editor.default\">\n\t\t\t\t<div class=\"elementor-widget-container\">\n\t\t\t\t\t\t\t\t<div class=\"elementor-text-editor elementor-clearfix\">\n\t\t\t\t<p>Rua Cajueiro n\u00ba17<br \/>Parque Continental II<br \/>Guarulhos\/SP<\/p><p>(11) 2456-7684<\/p><p><a href=\"mailto:masterwin@masterwin.com.br\">masterwin@masterwin.com.br<\/a><\/p>\t\t\t\t\t<\/div>\n\t\t\t\t\t\t<\/div>\n\t\t\t\t<\/div>\n\t\t\t\t\t\t<\/div>\n\t\t\t\t\t<\/div>\n\t\t<\/div>\n\t\t\t\t\t\t\t\t<\/div>\n\t\t\t\t\t<\/div>\n\t\t<\/section>\n\t\t\t\t\t\t<\/div>\n\t\t\t\t\t<\/div>\n\t\t<\/div>\n\t\t\t\t\t\t\t\t<\/div>\n\t\t\t\t\t<\/div>\n\t\t<\/section>\n\t\t\t\t\t\t<\/div>\n\t\t\t\t\t\t<\/div>\n\t\t\t\t\t<\/div>\n\t\t","protected":false},"excerpt":{"rendered":"<p>Empresa MasterWin \u00e9 uma empresa que opera no mercado de janelas automotivas nas mais vari\u00e1veis aplica\u00e7\u00f5es.\u00a0Atuando h\u00e1 mais de 19 anos, e sempre buscando atender \u00e0s necessidades dos nossos clientes com excel\u00eancia.\u00a0Fazemos uso de mat\u00e9ria prima de maior qualidade do mercado nacional, buscando sempre qualidade e a satisfa\u00e7\u00e3o dos nossos clientes com o produto final. [&hellip;]<\/p>\n","protected":false},"author":1,"featured_media":0,"parent":0,"menu_order":0,"comment_status":"closed","ping_status":"closed","template":"elementor_header_footer","meta":[],"yoast_head":"<!-- This site is optimized with the Yoast SEO plugin v17.6 - https:\/\/yoast.com\/wordpress\/plugins\/seo\/ -->\n<title>Empresa - Master Win<\/title>\n<meta name=\"robots\" content=\"index, follow, max-snippet:-1, max-image-preview:large, max-video-preview:-1\" \/>\n<link rel=\"canonical\" href=\"http:\/\/masterwin.com.br\/index.php\/empresa\/\" \/>\n<meta property=\"og:locale\" content=\"en_US\" \/>\n<meta property=\"og:type\" content=\"article\" \/>\n<meta property=\"og:title\" content=\"Empresa - Master Win\" \/>\n<meta property=\"og:description\" content=\"Empresa MasterWin \u00e9 uma empresa que opera no mercado de janelas automotivas nas mais vari\u00e1veis aplica\u00e7\u00f5es.\u00a0Atuando h\u00e1 mais de 19 anos, e sempre buscando atender \u00e0s necessidades dos nossos clientes com excel\u00eancia.\u00a0Fazemos uso de mat\u00e9ria prima de maior qualidade do mercado nacional, buscando sempre qualidade e a satisfa\u00e7\u00e3o dos nossos clientes com o produto final. [&hellip;]\" \/>\n<meta property=\"og:url\" content=\"http:\/\/masterwin.com.br\/index.php\/empresa\/\" \/>\n<meta property=\"og:site_name\" content=\"Master Win\" \/>\n<meta property=\"article:modified_time\" content=\"2021-01-21T11:24:58+00:00\" \/>\n<meta name=\"twitter:card\" content=\"summary_large_image\" \/>\n<meta name=\"twitter:label1\" content=\"Est. reading time\" \/>\n\t<meta name=\"twitter:data1\" content=\"1 minute\" \/>\n<script type=\"application\/ld+json\" class=\"yoast-schema-graph\">{\"@context\":\"https:\/\/schema.org\",\"@graph\":[{\"@type\":\"WebSite\",\"@id\":\"http:\/\/masterwin.com.br\/#website\",\"url\":\"http:\/\/masterwin.com.br\/\",\"name\":\"Master Win\",\"description\":\"\",\"potentialAction\":[{\"@type\":\"SearchAction\",\"target\":{\"@type\":\"EntryPoint\",\"urlTemplate\":\"http:\/\/masterwin.com.br\/?s={search_term_string}\"},\"query-input\":\"required name=search_term_string\"}],\"inLanguage\":\"en-US\"},{\"@type\":\"WebPage\",\"@id\":\"http:\/\/masterwin.com.br\/index.php\/empresa\/#webpage\",\"url\":\"http:\/\/masterwin.com.br\/index.php\/empresa\/\",\"name\":\"Empresa - Master Win\",\"isPartOf\":{\"@id\":\"http:\/\/masterwin.com.br\/#website\"},\"datePublished\":\"2021-01-21T09:57:28+00:00\",\"dateModified\":\"2021-01-21T11:24:58+00:00\",\"breadcrumb\":{\"@id\":\"http:\/\/masterwin.com.br\/index.php\/empresa\/#breadcrumb\"},\"inLanguage\":\"en-US\",\"potentialAction\":[{\"@type\":\"ReadAction\",\"target\":[\"http:\/\/masterwin.com.br\/index.php\/empresa\/\"]}]},{\"@type\":\"BreadcrumbList\",\"@id\":\"http:\/\/masterwin.com.br\/index.php\/empresa\/#breadcrumb\",\"itemListElement\":[{\"@type\":\"ListItem\",\"position\":1,\"name\":\"In\\u00edcio\",\"item\":\"https:\/\/masterwin.com.br\/\"},{\"@type\":\"ListItem\",\"position\":2,\"name\":\"Empresa\"}]}]}<\/script>\n<!-- \/ Yoast SEO plugin. -->","yoast_head_json":{"title":"Empresa - Master Win","robots":{"index":"index","follow":"follow","max-snippet":"max-snippet:-1","max-image-preview":"max-image-preview:large","max-video-preview":"max-video-preview:-1"},"canonical":"http:\/\/masterwin.com.br\/index.php\/empresa\/","og_locale":"en_US","og_type":"article","og_title":"Empresa - Master Win","og_description":"Empresa MasterWin \u00e9 uma empresa que opera no mercado de janelas automotivas nas mais vari\u00e1veis aplica\u00e7\u00f5es.\u00a0Atuando h\u00e1 mais de 19 anos, e sempre buscando atender \u00e0s necessidades dos nossos clientes com excel\u00eancia.\u00a0Fazemos uso de mat\u00e9ria prima de maior qualidade do mercado nacional, buscando sempre qualidade e a satisfa\u00e7\u00e3o dos nossos clientes com o produto final. [&hellip;]","og_url":"http:\/\/masterwin.com.br\/index.php\/empresa\/","og_site_name":"Master Win","article_modified_time":"2021-01-21T11:24:58+00:00","twitter_card":"summary_large_image","twitter_misc":{"Est. reading time":"1 minute"},"schema":{"@context":"https:\/\/schema.org","@graph":[{"@type":"WebSite","@id":"http:\/\/masterwin.com.br\/#website","url":"http:\/\/masterwin.com.br\/","name":"Master Win","description":"","potentialAction":[{"@type":"SearchAction","target":{"@type":"EntryPoint","urlTemplate":"http:\/\/masterwin.com.br\/?s={search_term_string}"},"query-input":"required name=search_term_string"}],"inLanguage":"en-US"},{"@type":"WebPage","@id":"http:\/\/masterwin.com.br\/index.php\/empresa\/#webpage","url":"http:\/\/masterwin.com.br\/index.php\/empresa\/","name":"Empresa - Master Win","isPartOf":{"@id":"http:\/\/masterwin.com.br\/#website"},"datePublished":"2021-01-21T09:57:28+00:00","dateModified":"2021-01-21T11:24:58+00:00","breadcrumb":{"@id":"http:\/\/masterwin.com.br\/index.php\/empresa\/#breadcrumb"},"inLanguage":"en-US","potentialAction":[{"@type":"ReadAction","target":["http:\/\/masterwin.com.br\/index.php\/empresa\/"]}]},{"@type":"BreadcrumbList","@id":"http:\/\/masterwin.com.br\/index.php\/empresa\/#breadcrumb","itemListElement":[{"@type":"ListItem","position":1,"name":"In\u00edcio","item":"https:\/\/masterwin.com.br\/"},{"@type":"ListItem","position":2,"name":"Empresa"}]}]}},"_links":{"self":[{"href":"https:\/\/masterwin.com.br\/index.php\/wp-json\/wp\/v2\/pages\/171"}],"collection":[{"href":"https:\/\/masterwin.com.br\/index.php\/wp-json\/wp\/v2\/pages"}],"about":[{"href":"https:\/\/masterwin.com.br\/index.php\/wp-json\/wp\/v2\/types\/page"}],"author":[{"embeddable":true,"href":"https:\/\/masterwin.com.br\/index.php\/wp-json\/wp\/v2\/users\/1"}],"replies":[{"embeddable":true,"href":"https:\/\/masterwin.com.br\/index.php\/wp-json\/wp\/v2\/comments?post=171"}],"version-history":[{"count":29,"href":"https:\/\/masterwin.com.br\/index.php\/wp-json\/wp\/v2\/pages\/171\/revisions"}],"predecessor-version":[{"id":277,"href":"https:\/\/masterwin.com.br\/index.php\/wp-json\/wp\/v2\/pages\/171\/revisions\/277"}],"wp:attachment":[{"href":"https:\/\/masterwin.com.br\/index.php\/wp-json\/wp\/v2\/media?parent=171"}],"curies":[{"name":"wp","href":"https:\/\/api.w.org\/{rel}","templated":true}]}}